 of g(n)?
13
Let q be (1 + 3/15)/(36/600). Suppose -q = -20*k + 200. Suppose k*l - 514 = 9*l. What are the prime factors of l?
257
Suppose -13*y = -11*y - 38412. Suppose 6*z - y = -16*z. List the prime factors of z.
3, 97
Let z = 60 - 76. Let t = z - -15. What are the prime factors of t/(-4) - (-16822)/104?
2, 3
Let i(s) be the first derivative of -4*s**2 - 12*s - 50. List the prime factors of i(-4).
2, 5
Let p be (-260)/(-39)*(-6)/(-4). Let w(u) = 10 + 67*u - p - 3. List the prime factors of w(1).
2
Suppose 3*k - 1836 - 7328 = -5*m, 2*k - 3*m = 6103. List the prime factors of k.
43, 71
Let m = 313 - 311. Suppose 2*o - 56 = -5*n, -m*o + n + 42 = -o. List the prime factors of o.
2, 19
Let y = 10461 - -13753. What are the prime factors of y?
2, 12107
Suppose c - 3*z + 82 = 0, 10*c + 225 = 7*c + 2*z. Let p = c - -176. What are the prime factors of p?
103
Let j(x) = -158*x**3 + 2*x**2 + 2*x + 9. Let a be j(-2). Suppose 3*i - 3028 - a = -2*m, -m = 3*i - 4308. What are the prime factors of i?
3, 479
Suppose 0 = -5*o - l - 0*l + 40473, o - 3*l = 8085. Suppose 8*n + o = 22078. What are the prime factors of n?
2, 19, 23
Let m = 2595 + -975. List the prime factors of m.
2, 3, 5
Suppose -4*m - 9*o = -7*m + 22488, 5*m + 4*o - 37480 = 0. What are the prime factors of m?
2, 937
Let h = 188 + -106. Let x = h + -103. Let a(s) = -4*s - 42. What are the prime factors of a(x)?
2, 3, 7
Suppose y = 5*l + 7693, -145*y + 140*y - 2*l + 38303 = 0. What are the prime factors of y?
79, 97
Let o(q) = -9*q - 5. Let f be o(-1). Suppose f*w - 1895 = -w. What are the prime factors of w?
379
Let d(h) = 329*h**2 + 135*h - 807. What are the prime factors of d(6)?
3, 11, 359
Suppose -c + h = -6*c + 49380, 0 = 4*h + 20. What are the prime factors of c?
7, 17, 83
Suppose 25*x + 3*l + 23928 = 27*x, 47856 = 4*x - l. What are the prime factors of x?
2, 3, 997
Let q = -2 - 70. Let m = q - -87. Suppose 13*v - m*v = -142. What are the prime factors of v?
71
Let k(r) be the third derivative of r**6/120 - 17*r**5/60 + 11*r**3/6 - 10*r**2. Suppose -4*o = 5*p - 55 + 12, 4*p = -o - 3. What are the prime factors of k(o)?
11
Suppose -108*d + 232818 = -600942. What are the prime factors of d?
2, 5, 193
Let n(u) = 43*u**3 + 2*u**2 - 3*u - 7. Let s be (12/(-10))/(50/(-125)). What are the prime factors of n(s)?
1163
Let b(o) = 157*o**2 - 11*o - 6. Suppose -62 = 14*x - 20. What are the prime factors of b(x)?
2, 3, 5
Let k be (3/2)/((-52)/104). List the prime factors of (-3076)/k - (126/27)/(-7).
2, 3, 19
Suppose -8*r + 8 + 24 = 0. Let z = -71 + r. What are the prime factors of -4 - -6 - 2 - z?
67
Suppose -16*p + 4*p = -84. What are the prime factors of -1*p/42 - 4418/(-12)?
2, 23
Suppose 3*v - 37906 = d - 10973, 0 = -4*v + 3*d + 35919. List the prime factors of v.
2, 3, 11, 17
Let k(h) be the first derivative of 16*h**3 - 47 - 1/2*h**2 + 2*h. List the prime factors of k(1).
7
Suppose -2*j + 3*j + 5 = -3*g, 5*g + 11 = -j. Suppose -5*y + 712 = 2*b - 3086, j*b = 16. List the prime factors of y.
2, 379
Let l(o) = -2790*o - 143. List the prime factors of l(-3).
19, 433
Let r = 932 + 6324. List the prime factors of r.
2, 907
Suppose 0 = -y - 5, 16*s = 21*s - 5*y - 32145. List the prime factors of s.
2, 11, 73
Suppose -4*d + 2*i = 882, 0*d - 3*d - i - 659 = 0. Let m = 91 - d. What are the prime factors of m?
311
Let d(a) = 80*a**2 + 28*a - 16. What are the prime factors of d(-17)?
2, 5657
Let i(y) = 117*y**2 - 16*y - 3. Let c be i(-4). Suppose 16*b - 691 = c. What are the prime factors of b?
2, 41
Let l(a) = 2*a**2 - 9*a - 184. Let b = -48 + 32. List the prime factors of l(b).
2, 59
Let f(n) = 2*n**3 - 14*n**2 - n + 10. Suppose 0*h = 3*k - 3*h - 15, 3*k + 3*h = 27. Let z be f(k). Suppose z*y + 80 - 125 = 0. What are the prime factors of y?
3, 5
Let a(n) = 55*n - 101. Let x be a(9). Let t = x - 126. What are the prime factors of t?
2, 67
Let i(b) = b**2 - 13*b - 106. Suppose -105 = -3*k - 5*x, -6*k + 4*x = -k - 175. What are the prime factors of i(k)?
2, 83
Let d be (-3*(0 - -4 - 5))/1. Let a = -108 - -43. List the prime factors of -5 - a - (d - 1).
2, 29
Let c(x) = -4*x + 3. Let t be c(2). Let o(s) = -33*s + 5. Let i(j) = -1. Let n(k) = t*i(k) - o(k). List the prime factors of n(2).
2, 3, 11
Suppose 5*d - 5 = 0, -2*b + 28 = 3*d - 117. Suppose -b*n = -68*n - 1125. Suppose 3*l = 5*y - n, 2*l + 225 = 3*y + 5*l. List the prime factors of y.
3, 5
Suppose -5*j = -4*u - 9, -3*u = -0*j - 3*j + 6. Let w(l) = 171*l - 5. Let z be w(j). Let d = z + -85. What are the prime factors of d?
3
Suppose n = 4*v - 207574, 0 = -3*v - 249*n + 245*n + 155690. What are the prime factors of v?
2, 3, 31
Let h(j) = 5711*j**2 - 2*j + 1. Let c be h(1). List the prime factors of c/6 - (10 + 140/(-15)).
3, 317
Let g be 5 + 4 + 16 + -2. Suppose -18 = g*j - 24*j. List the prime factors of (-4)/(-3)*2295/j.
2, 5, 17
Let u(c) = -139*c + 1850. What are the prime factors of u(-53)?
13, 709
Let l(p) = -p**3 + 8*p**2 + 2*p - 16. Let a be l(8). Suppose a = -5*o, -4*o - 8 = s - 3*o. Let r = 18 - s. List the prime factors of r.
2, 13
Suppose 76 = 5*i + 3*v, 2*i + 2*v + 23 = 3*i. Suppose -28*s + 3608 = -i*s. List the prime factors of s.
2, 41
Suppose -3*q + y + 383 = 0, -5*y + 547 - 194 = 3*q. Suppose 3*m - q = -5*g, 5*m - 303 = -3*g - 77. What are the prime factors of m - (-2)/(-1) - -4?
7
Suppose -l + 15 - 1 = k, 4*k - 56 = l. Suppose -5 = -j, -3*b + 85 - k = j. Suppose -17*a - 840 = -b*a. List the prime factors of a.
2, 3, 7
Let n(q) = -3*q**2 + q. Let r(l) = -10*l**2 + 18*l - 33. Let j(c) = 2*n(c) - r(c). What are the prime factors of j(9)?
3, 71
Suppose -5*g + 3*g = -56. Let f be 8/14 + 12/g. What are the prime factors of 10 - 12 - (-62)/f?
2, 3, 5
Suppose -4*w = -5*v - 2578, 3*w + w - 2586 = v. Let g = w + -344. What are the prime factors of g?
3, 101
Let g be (12/(-14))/3 + (-570)/(-35). Let a be (g/(-12) + -3)*(1 - 4). Let y = a - -43. What are the prime factors of y?
2, 7
Let o(x) = x**3 - 6*x**2 - 4*x - 7. Let t = -350 - -358. What are the prime factors of o(t)?
89
Let b(g) = 39*g**3 + 4*g**2 - 8*g + 15. Let y be b(7). Suppose 12*s + 1616 = y. What are the prime factors of s?
3, 331
Suppose c + 17481 = s, 2*c - 34958 = -14*s + 12*s. Suppose -15*o + s = 4*o. What are the prime factors of o?
2, 5, 23
Let p(q) = 4*q**2 - 2*q - q**3 + 10 + 3*q**2 + 0*q. Let t(u) = u**3 - 2*u**2 + 32*u + 5. Let g be t(0). List the prime factors of p(g).
2, 5
Let t = 37 - 32. Let f(h) = -3*h**3 + 6*h**2 + h - 5. Let l be f(t). Let z = -149 - l. What are the prime factors of z?
2, 19
Let a = -11889 + 16086. What are the prime factors of a?
3, 1399
What are the prime factors of ((-310)/15 + -4)/(2/(-465))?
5, 31, 37
What are the prime factors of ((-30)/25)/(-4*9/60780)?
2, 1013
List the prime factors of (-2 - -19414 - (16 - 16)) + -1.
7, 47, 59
Let l(y) = 6*y - 12. Suppose -4*g = 27 + 33. Let d = 24 + g. List the prime factors of l(d).
2, 3, 7
Let i(f) = 55*f**2 - 33*f + 70. Let l be i(2). Let x = 3 - 0. Suppose 5*k - l = -2*z, 99 = x*z - 2*z - 4*k. List the prime factors of z.
107
Let c = -1942 + 4585. List the prime factors of c.
3, 881
Suppose -c + 144362 = 4*v - 46591, 47757 = v - 6*c. What are the prime factors of v?
3, 15913
Let i(a) = -39*a**3 - 21*a**2 - 45*a + 66. List the prime factors of i(-7).
3, 4243
Let y be (27/4 - 33/44) + -1. Suppose 72 + 12 = 2*b + y*p, -3*b - p + 100 = 0. Let n = 115 - b. List the prime factors of n.
83
Let l be 15/4 - (-2)/8. Let b = -421 + 426. Suppose l*y + 2*p + 0*p - 854 = 0, -4*y = -b*p - 875. What are the prime factors of y?
5, 43
Suppose 0 = 4*b + 2*b - 60. Suppose b = 3*t + 4. Suppose 3*q - 91 = -t*s + 228, -3*q = s - 323. What are the prime factors of q?
109
Let h(o) = -13*o + 107. Let f be h(7). Suppose -17*x + 225 = -16*x. What are the prime factors of (f + -1)*x/27?
5
Let l(h) = h**3 + 2*h**2 - 3*h - 5. Let j be l(-2). Let r be 10/25 + (-204)/10. List the prime factors of -18*r/15*j.
2, 3
Suppose -t = -3*t - 4198. Let q = t - -3114. Suppose 5*c + 5 = q. List the prime factors of c.
2, 101
Let h(i) be the first derivative of -3*i**2/2 + 42*i - 39. What are the prime factors of h(-25)?
3, 13
Suppose -4*g - h = g - 66603, 5*h + 13305 = g. Suppose -g = -11*z + z. List the prime factors of z.
2, 3, 37
Let y = -3705